
What are the prime factors of 63909?
3, 263
What are the prime factors of 21395?
5, 11, 389
What are the prime factors of 14416?
2, 17, 53
What are the prime factors of 1138?
2, 569
What are the prime factors of 373?
373
What are the prime factors of 23882?
2, 11941
What are the prime factors of 51060?
2, 3, 5, 23, 37
List the prime factors of 4634.
2, 7, 331
List the prime factors of 56743.
179, 317
What are the prime factors of 3834?
2, 3, 71
List the prime factors of 2329.
17, 137
What are the prime factors of 589?
19, 31
List the prime factors of 115563.
3, 7, 5503
What are the prime factors of 391?
17, 23
What are the prime factors of 67691?
13, 41, 127
List the prime factors of 1461.
3, 487
List the prime factors of 13606.
2, 6803
What are the prime factors of 824?
2, 103
List the prime factors of 3952.
2, 13, 19
What are the prime factors of 40751?
40751
What are the prime factors of 3015?
3, 5, 67
What are the prime factors of 1798?
2, 29, 31
What are the prime factors of 18575?
5, 743
What are the prime factors of 435?
3, 5, 29
List the prime factors of 21603.
3, 19, 379
What are the prime factors of 8906?
2, 61, 73
What are the prime factors of 826?
2, 7, 59
List the prime factors of 19667.
71, 277
What are the prime factors of 1325?
5, 53
List the prime factors of 350.
2, 5, 7
List the prime factors of 83911.
83911
List the prime factors of 68005.
5, 7, 29, 67
List the prime factors of 9772.
2, 7, 349
What are the prime factors of 6030?
2, 3, 5, 67
What are the prime factors of 3503?
31, 113
List the prime factors of 1486.
2, 743
List the prime factors of 14932.
2, 3733
List the prime factors of 32824.
2, 11, 373
What are the prime factors of 38466?
2, 3, 2137
What are the prime factors of 12777?
3, 4259
List the prime factors of 4240.
2, 5, 53
List the prime factors of 15164.
2, 17, 223
What are the prime factors of 74155?
5, 14831
What are the prime factors of 1322?
2, 661
What are the prime factors of 38185?
5, 7, 1091
List the prime factors of 954.
2, 3, 53
What are the prime factors of 77532?
2, 3, 7, 13, 71
List the prime factors of 5972.
2, 1493
What are the prime factors of 21583?
113, 191
List the prime factors of 6755.
5, 7, 193
What are the prime factors of 1019?
1019
What are the prime factors of 45814?
2, 22907
List the prime factors of 32649.
3, 10883
What are the prime factors of 526?
2, 263
List the prime factors of 60510.
2, 3, 5, 2017
What are the prime factors of 62000?
2, 5, 31
What are the prime factors of 10684?
2, 2671
List the prime factors of 5972.
2, 1493
What are the prime factors of 11850?
2, 3, 5, 79
What are the prime factors of 2794?
2, 11, 127
What are the prime factors of 123032?
2, 7, 13
List the prime factors of 3255.
3, 5, 7, 31
What are the prime factors of 33598?
2, 107, 157
What are the prime factors of 20311?
19, 1069
What are the prime factors of 21578?
2, 10789
What are the prime factors of 120?
2, 3, 5
What are the prime factors of 1425?
3, 5, 19
List the prime factors of 70470.
2, 3, 5, 29
What are the prime factors of 27785?
5, 5557
List the prime factors of 544.
2, 17
List the prime factors of 90054.
2, 3, 5003
List the prime factors of 51338.
2, 7, 19, 193
What are the prime factors of 41543?
41543
List the prime factors of 5069.
37, 137
List the prime factors of 334.
2, 167
What are the prime factors of 7065?
3, 5, 157
What are the prime factors of 11465?
5, 2293
What are the prime factors of 1080?
2, 3, 5
What are the prime factors of 1350?
2, 3, 5
List the prime factors of 12842.
2, 6421
What are the prime factors of 941?
941
List the prime factors of 6754.
2, 11, 307
What are the prime factors of 2426?
2, 1213
What are the prime factors of 858?
2, 3, 11, 13
List the prime factors of 18786.
2, 3, 31, 101
What are the prime factors of 2134?
2, 11, 97
List the prime factors of 1348.
2, 337
List the prime factors of 4642.
2, 11, 211
List the prime factors of 5093.
11, 463
List the prime factors of 372.
2, 3, 31
What are the prime factors of 2740?
2, 5, 137
What are the prime factors of 140407?
140407
What are the prime factors of 1069?
1069
List the prime factors of 94857.
3, 7, 4517
List the prime factors of 28611.
3, 11, 17
List the prime factors of 83213.
13, 37, 173
List the prime factors of 343.
7
List the prime factors of 1196.
2, 13, 23
List the prime factors of 6888.
2, 3, 7, 41
List the prime factors of 3875.
5, 31
List the prime factors of 15253.
7, 2179
List the prime factors of 30773.
30773
List the prime factors of 48244.
2, 7, 1723
List the prime factors of 12844.
2, 13, 19
What are the prime factors of 21930?
2, 3, 5, 17, 43
List the prime factors of 2767.
2767
List the prime factors of 38661.
3, 7, 263
List the prime factors of 3107.
13, 239
List the prime factors of 15518.
2, 7759
List the prime factors of 128.
2
What are the prime factors of 359?
359
List the prime factors of 85663.
17, 5039
What are the prime factors of 4914?
2, 3, 7, 13
What are the prime factors of 113560?
2, 5, 17, 167
What are the prime factors of 31180?
2, 5, 1559
List the prime factors of 25175.
5, 19, 53
What are the prime factors of 597?
3, 199
List the prime factors of 1869.
3, 7, 89
What are the prime factors of 1048?
2, 131
List the prime factors of 9138.
2, 3, 1523
List the prime factors of 6734.
2, 7, 13, 37
List the prime factors of 8170.
2, 5, 19, 43
What are the prime factors of 2975?
5, 7, 17
What are the prime factors of 2726?
2, 29, 47
What are the prime factors of 31764?
2, 3, 2647
What are the prime factors of 717?
3, 239
What are the prime factors of 1428?
2, 3, 7, 17
What are the prime factors of 37?
37
What are the prime factors of 677?
677
List the prime factors of 11230.
2, 5, 1123
What are the prime factors of 1092?
2, 3, 7, 13
List the prime factors of 60497.
60497
What are the prime factors of 822?
2, 3, 137
List the prime factors of 2031.
3, 677
What are the prime factors of 257?
257
List the prime factors of 2937.
3, 11, 89
List the prime factors of 7655.
5, 1531
List the prime factors of 906.
2, 3, 151
List the prime factors of 784.
2, 7
What are the prime factors of 3340?
2, 5, 167
What are the prime factors of 20637?
3, 2293
What are the prime factors of 5295?
3, 5, 353
List the prime factors of 6294.
2, 3, 1049
List the prime factors of 27626.
2, 19, 727
What are the prime factors of 22380?
2, 3, 5, 373
What are the prime factors of 31669?
11, 2879
What are the prime factors of 11990?
2, 5, 11, 109
List the prime factors of 605.
5, 11
List the prime factors of 772.
2, 193
List the prime factors of 11409.
3, 3803
List the prime factors of 113.
113
What are the prime factors of 40747?
7, 5821
What are the prime factors of 269?
269
List the prime factors of 65102.
2, 43, 757
What are the prime factors of 2370?
2, 3, 5, 79
What are the prime factors of 93988?
2, 23497
What are the prime factors of 3638?
2, 17, 107
List the prime factors of 10665.
3, 5, 79
List the prime factors of 13223.
7, 1889
List the prime factors of 90137.
23, 3919
List the prime factors of 8000.
2, 5
List the prime factors of 1911.
3, 7, 13
List the prime factors of 6671.
7, 953
What are the prime factors of 33014?
2, 17, 971
What are the prime factors of 41648?
2, 19, 137
List the prime factors of 12736.
2, 199
What are the prime factors of 62930?
2, 5, 7, 29, 31
List the prime factors of 160.
2, 5
List the prime factors of 292.
2, 73
List the prime factors of 1783.
1783
List the prime factors of 60729.
3, 31, 653
List the prime factors of 66625.
5, 13, 41
List the prime factors of 829.
829
What are the prime factors of 555?
3, 5, 37
What are the prime factors of 11117?
11117
What are the prime factors of 21259?
7, 3037
What are the prime factors of 150024?
2, 3, 7, 19, 47
List the prime factors of 1896.
2, 3, 79
What are the prime factors of 85153?
17, 5009
List the prime factors of 419.
419
What are the prime factors of 560?
2, 5, 7
List the prime factors of 213084.
2, 3, 1973
What are the prime factors of 5225?
5, 11, 19
List the prime factors of 3571.
3571
What are the prime factors of 5601?
3, 1867
List the prime factors of 4116.
2, 3, 7
What are the prime factors of 3222?
2, 3, 179
List the prime factors of 33757.
33757
List the prime factors of 1209.
3, 13, 31
What are the prime facto